{"id":16463,"date":"2026-01-19T08:14:29","date_gmt":"2026-01-19T07:14:29","guid":{"rendered":"https:\/\/www.baccate.pl\/sklep\/?post_type=product&#038;p=16463"},"modified":"2026-01-19T10:59:56","modified_gmt":"2026-01-19T09:59:56","slug":"tort-lemon-curd","status":"publish","type":"product","link":"https:\/\/www.baccate.pl\/sklep\/produkt\/tort-lemon-curd\/","title":{"rendered":"Tort Lemon Curd"},"content":{"rendered":"<p>[vc_row][vc_column][vc_column_text]<img class=\"emoji\" role=\"img\" draggable=\"false\" src=\"https:\/\/s.w.org\/images\/core\/emoji\/13.0.0\/svg\/1f36a.svg\" alt=\"?\" \/> Do tortu istnieje mo\u017cliwo\u015b\u0107 zam\u00f3wienia op\u0142atka z dowoln\u0105 grafik\u0105.<br \/>\n<img class=\"emoji\" role=\"img\" draggable=\"false\" src=\"https:\/\/s.w.org\/images\/core\/emoji\/13.0.0\/svg\/1f36a.svg\" alt=\"?\" \/> Chcesz spersonalizowa\u0107 tort dodaj do niego napis w polu dodatkowe informacje dla cukierni.<br \/>\n<img class=\"emoji\" role=\"img\" draggable=\"false\" src=\"https:\/\/s.w.org\/images\/core\/emoji\/13.0.0\/svg\/1f36a.svg\" alt=\"?\" \/> Zamawiaj\u0105c s\u0142odko\u015bci mo\u017cesz zrobi\u0107 dodatkowy prezent<br \/>\ndokupuj\u0105c okoliczno\u015bciow\u0105 kartk\u0119, \u015bwieczki oraz rac\u0119.[\/vc_column_text][\/vc_column][\/vc_row]<\/p>\n","protected":false},"excerpt":{"rendered":"<p>Czekoladowy biszkopt z chrupi\u0105c\u0105 pra\u017cynk\u0105 na bazie musu z lemon curd i \u017celki z czarnej porzeczki.<\/p>\n","protected":false},"featured_media":16469,"template":"","meta":[],"yoast_head":"<!-- This site is optimized with the Yoast SEO plugin v16.2 - https:\/\/yoast.com\/wordpress\/plugins\/seo\/ -->\n<title>Cukiernia Baccate - Tort z dostaw\u0105 na dzisiejszy dzie\u0144 w Gda\u0144sku<\/title>\n<meta name=\"description\" content=\"Tort z dostaw\u0105 na ostatni\u0105 chwil\u0119, last minute, pilne zam\u00f3wienie. Zam\u00f3w i odbierz sw\u00f3j tort jeszcze dzi\u015b. Tort na prezent z dostaw\u0105 w Gda\u0144sku. Ekspresowa dostawa.\" \/>\n<meta name=\"robots\" content=\"index, follow, max-snippet:-1, max-image-preview:large, max-video-preview:-1\" \/>\n<link rel=\"canonical\" href=\"https:\/\/www.baccate.pl\/sklep\/produkt\/tort-lemon-curd\/\" \/>\n<meta property=\"og:locale\" content=\"pl_PL\" \/>\n<meta property=\"og:type\" content=\"article\" \/>\n<meta property=\"og:title\" content=\"Cukiernia Baccate - Tort z dostaw\u0105 na dzisiejszy dzie\u0144 w Gda\u0144sku\" \/>\n<meta property=\"og:description\" content=\"Tort z dostaw\u0105 na ostatni\u0105 chwil\u0119, last minute, pilne zam\u00f3wienie. Zam\u00f3w i odbierz sw\u00f3j tort jeszcze dzi\u015b. Tort na prezent z dostaw\u0105 w Gda\u0144sku. Ekspresowa dostawa.\" \/>\n<meta property=\"og:url\" content=\"https:\/\/www.baccate.pl\/sklep\/produkt\/tort-lemon-curd\/\" \/>\n<meta property=\"og:site_name\" content=\"Cukiernia Baccate\" \/>\n<meta property=\"article:modified_time\" content=\"2026-01-19T09:59:56+00:00\" \/>\n<meta property=\"og:image\" content=\"https:\/\/www.baccate.pl\/sklep\/wp-content\/uploads\/sites\/2\/2026\/01\/jpg-tort-lemon-curd.jpg\" \/>\n\t<meta property=\"og:image:width\" content=\"600\" \/>\n\t<meta property=\"og:image:height\" content=\"680\" \/>\n<meta name=\"twitter:card\" content=\"summary_large_image\" \/>\n<script type=\"application\/ld+json\" class=\"yoast-schema-graph\">{\"@context\":\"https:\/\/schema.org\",\"@graph\":[{\"@type\":\"WebSite\",\"@id\":\"https:\/\/www.baccate.pl\/sklep\/#website\",\"url\":\"https:\/\/www.baccate.pl\/sklep\/\",\"name\":\"Cukiernia Baccate\",\"description\":\"Zam\\u00f3w najlepsze wypieki z dostaw\\u0105 pod same drzwi\",\"potentialAction\":[{\"@type\":\"SearchAction\",\"target\":\"https:\/\/www.baccate.pl\/sklep\/?s={search_term_string}\",\"query-input\":\"required name=search_term_string\"}],\"inLanguage\":\"pl-PL\"},{\"@type\":\"ImageObject\",\"@id\":\"https:\/\/www.baccate.pl\/sklep\/produkt\/tort-lemon-curd\/#primaryimage\",\"inLanguage\":\"pl-PL\",\"url\":\"https:\/\/www.baccate.pl\/sklep\/wp-content\/uploads\/sites\/2\/2026\/01\/jpg-tort-lemon-curd.jpg\",\"contentUrl\":\"https:\/\/www.baccate.pl\/sklep\/wp-content\/uploads\/sites\/2\/2026\/01\/jpg-tort-lemon-curd.jpg\",\"width\":600,\"height\":680},{\"@type\":\"WebPage\",\"@id\":\"https:\/\/www.baccate.pl\/sklep\/produkt\/tort-lemon-curd\/#webpage\",\"url\":\"https:\/\/www.baccate.pl\/sklep\/produkt\/tort-lemon-curd\/\",\"name\":\"Cukiernia Baccate - Tort z dostaw\\u0105 na dzisiejszy dzie\\u0144 w Gda\\u0144sku\",\"isPartOf\":{\"@id\":\"https:\/\/www.baccate.pl\/sklep\/#website\"},\"primaryImageOfPage\":{\"@id\":\"https:\/\/www.baccate.pl\/sklep\/produkt\/tort-lemon-curd\/#primaryimage\"},\"datePublished\":\"2026-01-19T07:14:29+00:00\",\"dateModified\":\"2026-01-19T09:59:56+00:00\",\"description\":\"Tort z dostaw\\u0105 na ostatni\\u0105 chwil\\u0119, last minute, pilne zam\\u00f3wienie. Zam\\u00f3w i odbierz sw\\u00f3j tort jeszcze dzi\\u015b. Tort na prezent z dostaw\\u0105 w Gda\\u0144sku. Ekspresowa dostawa.\",\"breadcrumb\":{\"@id\":\"https:\/\/www.baccate.pl\/sklep\/produkt\/tort-lemon-curd\/#breadcrumb\"},\"inLanguage\":\"pl-PL\",\"potentialAction\":[{\"@type\":\"ReadAction\",\"target\":[\"https:\/\/www.baccate.pl\/sklep\/produkt\/tort-lemon-curd\/\"]}]},{\"@type\":\"BreadcrumbList\",\"@id\":\"https:\/\/www.baccate.pl\/sklep\/produkt\/tort-lemon-curd\/#breadcrumb\",\"itemListElement\":[{\"@type\":\"ListItem\",\"position\":1,\"item\":{\"@type\":\"WebPage\",\"@id\":\"https:\/\/www.baccate.pl\/sklep\/\",\"url\":\"https:\/\/www.baccate.pl\/sklep\/\",\"name\":\"Strona g\\u0142\\u00f3wna\"}},{\"@type\":\"ListItem\",\"position\":2,\"item\":{\"@type\":\"WebPage\",\"@id\":\"https:\/\/www.baccate.pl\/sklep\/wszystkie\/\",\"url\":\"https:\/\/www.baccate.pl\/sklep\/wszystkie\/\",\"name\":\"Sklep Baccate\"}},{\"@type\":\"ListItem\",\"position\":3,\"item\":{\"@id\":\"https:\/\/www.baccate.pl\/sklep\/produkt\/tort-lemon-curd\/#webpage\"}}]}]}<\/script>\n<!-- \/ Yoast SEO plugin. -->","_links":{"self":[{"href":"https:\/\/www.baccate.pl\/sklep\/wp-json\/wp\/v2\/product\/16463"}],"collection":[{"href":"https:\/\/www.baccate.pl\/sklep\/wp-json\/wp\/v2\/product"}],"about":[{"href":"https:\/\/www.baccate.pl\/sklep\/wp-json\/wp\/v2\/types\/product"}],"wp:featuredmedia":[{"embeddable":true,"href":"https:\/\/www.baccate.pl\/sklep\/wp-json\/wp\/v2\/media\/16469"}],"wp:attachment":[{"href":"https:\/\/www.baccate.pl\/sklep\/wp-json\/wp\/v2\/media?parent=16463"}],"curies":[{"name":"wp","href":"https:\/\/api.w.org\/{rel}","templated":true}]}}