{"id":13624,"date":"2022-03-12T09:57:45","date_gmt":"2022-03-12T08:57:45","guid":{"rendered":"https:\/\/www.baccate.pl\/sklep\/?post_type=product&#038;p=13624"},"modified":"2025-02-12T12:58:27","modified_gmt":"2025-02-12T11:58:27","slug":"komunijny-4","status":"publish","type":"product","link":"https:\/\/www.baccate.pl\/sklep\/produkt\/komunijny-4\/","title":{"rendered":"Komunijny 4"},"content":{"rendered":"<p>[vc_row][vc_column][vc_column_text]<span style=\"font-weight: 400;\">W polu <\/span><span style=\"font-weight: 400;\">Dodatkowe informacje dla cukierni <\/span><span style=\"font-weight: 400;\">prosz\u0119 poda\u0107:<\/span><\/p>\n<p><img class=\"emoji\" role=\"img\" draggable=\"false\" src=\"https:\/\/s.w.org\/images\/core\/emoji\/13.0.0\/svg\/1f36a.svg\" alt=\"?\" \/> <span style=\"font-weight: 400;\">smak tortu<\/span><br \/>\n<img class=\"emoji\" role=\"img\" draggable=\"false\" src=\"https:\/\/s.w.org\/images\/core\/emoji\/13.0.0\/svg\/1f36a.svg\" alt=\"?\" \/> <span style=\"font-weight: 400;\">imi\u0119 jakie ma by\u0107 umieszczone na torcie<\/span><br \/>\n<img class=\"emoji\" role=\"img\" draggable=\"false\" src=\"https:\/\/s.w.org\/images\/core\/emoji\/13.0.0\/svg\/1f36a.svg\" alt=\"?\" \/> <span style=\"font-weight: 400;\">miejsce odbioru<\/span><\/p>\n<p><span style=\"font-weight: 400;\">Zapytaj o dostaw\u0119:<\/span><\/p>\n<p><span style=\"font-weight: 400;\">Je\u015bli chcesz zam\u00f3wi\u0107 tort komunijny z dostaw\u0105 to napisz do nas w pierwszej kolejno\u015bci wiadomo\u015b\u0107 mail na <strong>kontakt@Baccate.pl<\/strong> i tam zapytaj o mo\u017cliwo\u015b\u0107 dostawy. <\/span><\/p>\n<p><span style=\"font-weight: 400;\">Gdyby przyj\u0119cie komunijne by\u0142o w restauracji prosz\u0119 dopyta\u0107 od kt\u00f3rej godziny mo\u017cna dostarczy\u0107 do niej tort.<\/span>[\/vc_column_text][\/vc_column][\/vc_row]<\/p>\n","protected":false},"excerpt":{"rendered":"<p><span style=\"font-weight: 400;\">Tort komunijny w tynku.<\/span><\/p>\n","protected":false},"featured_media":15712,"template":"","meta":[],"yoast_head":"<!-- This site is optimized with the Yoast SEO plugin v16.2 - https:\/\/yoast.com\/wordpress\/plugins\/seo\/ -->\n<title>Cukiernia Baccate - Tort komunijny z dostaw\u0105 w Gda\u0144sku<\/title>\n<meta name=\"description\" content=\"Tort komunijny z dostaw\u0105 w Gda\u0144sku. Torty na komuni\u0119 dla ch\u0142opca i dziewczynki.\" \/>\n<meta name=\"robots\" content=\"index, follow, max-snippet:-1, max-image-preview:large, max-video-preview:-1\" \/>\n<link rel=\"canonical\" href=\"https:\/\/www.baccate.pl\/sklep\/produkt\/komunijny-4\/\" \/>\n<meta property=\"og:locale\" content=\"pl_PL\" \/>\n<meta property=\"og:type\" content=\"article\" \/>\n<meta property=\"og:title\" content=\"Cukiernia Baccate - Tort komunijny z dostaw\u0105 w Gda\u0144sku\" \/>\n<meta property=\"og:description\" content=\"Tort komunijny z dostaw\u0105 w Gda\u0144sku. Torty na komuni\u0119 dla ch\u0142opca i dziewczynki.\" \/>\n<meta property=\"og:url\" content=\"https:\/\/www.baccate.pl\/sklep\/produkt\/komunijny-4\/\" \/>\n<meta property=\"og:site_name\" content=\"Cukiernia Baccate\" \/>\n<meta property=\"article:modified_time\" content=\"2025-02-12T11:58:27+00:00\" \/>\n<meta property=\"og:image\" content=\"https:\/\/www.baccate.pl\/sklep\/wp-content\/uploads\/sites\/2\/2022\/03\/jpg-tort-nr-4.jpg\" \/>\n\t<meta property=\"og:image:width\" content=\"604\" \/>\n\t<meta property=\"og:image:height\" content=\"684\" \/>\n<meta name=\"twitter:card\" content=\"summary_large_image\" \/>\n<meta name=\"twitter:label1\" content=\"Szacowany czas czytania\">\n\t<meta name=\"twitter:data1\" content=\"1 minuta\">\n<script type=\"application\/ld+json\" class=\"yoast-schema-graph\">{\"@context\":\"https:\/\/schema.org\",\"@graph\":[{\"@type\":\"WebSite\",\"@id\":\"https:\/\/www.baccate.pl\/sklep\/#website\",\"url\":\"https:\/\/www.baccate.pl\/sklep\/\",\"name\":\"Cukiernia Baccate\",\"description\":\"Zam\\u00f3w najlepsze wypieki z dostaw\\u0105 pod same drzwi\",\"potentialAction\":[{\"@type\":\"SearchAction\",\"target\":\"https:\/\/www.baccate.pl\/sklep\/?s={search_term_string}\",\"query-input\":\"required name=search_term_string\"}],\"inLanguage\":\"pl-PL\"},{\"@type\":\"ImageObject\",\"@id\":\"https:\/\/www.baccate.pl\/sklep\/produkt\/komunijny-4\/#primaryimage\",\"inLanguage\":\"pl-PL\",\"url\":\"https:\/\/www.baccate.pl\/sklep\/wp-content\/uploads\/sites\/2\/2022\/03\/jpg-tort-nr-4.jpg\",\"contentUrl\":\"https:\/\/www.baccate.pl\/sklep\/wp-content\/uploads\/sites\/2\/2022\/03\/jpg-tort-nr-4.jpg\",\"width\":604,\"height\":684},{\"@type\":\"WebPage\",\"@id\":\"https:\/\/www.baccate.pl\/sklep\/produkt\/komunijny-4\/#webpage\",\"url\":\"https:\/\/www.baccate.pl\/sklep\/produkt\/komunijny-4\/\",\"name\":\"Cukiernia Baccate - Tort komunijny z dostaw\\u0105 w Gda\\u0144sku\",\"isPartOf\":{\"@id\":\"https:\/\/www.baccate.pl\/sklep\/#website\"},\"primaryImageOfPage\":{\"@id\":\"https:\/\/www.baccate.pl\/sklep\/produkt\/komunijny-4\/#primaryimage\"},\"datePublished\":\"2022-03-12T08:57:45+00:00\",\"dateModified\":\"2025-02-12T11:58:27+00:00\",\"description\":\"Tort komunijny z dostaw\\u0105 w Gda\\u0144sku. Torty na komuni\\u0119 dla ch\\u0142opca i dziewczynki.\",\"breadcrumb\":{\"@id\":\"https:\/\/www.baccate.pl\/sklep\/produkt\/komunijny-4\/#breadcrumb\"},\"inLanguage\":\"pl-PL\",\"potentialAction\":[{\"@type\":\"ReadAction\",\"target\":[\"https:\/\/www.baccate.pl\/sklep\/produkt\/komunijny-4\/\"]}]},{\"@type\":\"BreadcrumbList\",\"@id\":\"https:\/\/www.baccate.pl\/sklep\/produkt\/komunijny-4\/#breadcrumb\",\"itemListElement\":[{\"@type\":\"ListItem\",\"position\":1,\"item\":{\"@type\":\"WebPage\",\"@id\":\"https:\/\/www.baccate.pl\/sklep\/\",\"url\":\"https:\/\/www.baccate.pl\/sklep\/\",\"name\":\"Strona g\\u0142\\u00f3wna\"}},{\"@type\":\"ListItem\",\"position\":2,\"item\":{\"@type\":\"WebPage\",\"@id\":\"https:\/\/www.baccate.pl\/sklep\/wszystkie\/\",\"url\":\"https:\/\/www.baccate.pl\/sklep\/wszystkie\/\",\"name\":\"Sklep Baccate\"}},{\"@type\":\"ListItem\",\"position\":3,\"item\":{\"@id\":\"https:\/\/www.baccate.pl\/sklep\/produkt\/komunijny-4\/#webpage\"}}]}]}<\/script>\n<!-- \/ Yoast SEO plugin. -->","_links":{"self":[{"href":"https:\/\/www.baccate.pl\/sklep\/wp-json\/wp\/v2\/product\/13624"}],"collection":[{"href":"https:\/\/www.baccate.pl\/sklep\/wp-json\/wp\/v2\/product"}],"about":[{"href":"https:\/\/www.baccate.pl\/sklep\/wp-json\/wp\/v2\/types\/product"}],"wp:featuredmedia":[{"embeddable":true,"href":"https:\/\/www.baccate.pl\/sklep\/wp-json\/wp\/v2\/media\/15712"}],"wp:attachment":[{"href":"https:\/\/www.baccate.pl\/sklep\/wp-json\/wp\/v2\/media?parent=13624"}],"curies":[{"name":"wp","href":"https:\/\/api.w.org\/{rel}","templated":true}]}}