{"id":12563,"date":"2020-12-03T22:50:24","date_gmt":"2020-12-03T21:50:24","guid":{"rendered":"https:\/\/www.baccate.pl\/sklep\/?post_type=product&#038;p=12563"},"modified":"2026-01-19T10:43:13","modified_gmt":"2026-01-19T09:43:13","slug":"sernik-z-cynamonem","status":"publish","type":"product","link":"https:\/\/www.baccate.pl\/sklep\/produkt\/sernik-z-cynamonem\/","title":{"rendered":"Sernik mascarpone z cynamonem"},"content":{"rendered":"<p>[vc_row][vc_column][vc_column_text]<img class=\"emoji\" role=\"img\" draggable=\"false\" src=\"https:\/\/s.w.org\/images\/core\/emoji\/13.0.0\/svg\/1f36a.svg\" alt=\"?\" \/> Sernik wyst\u0119puje tylko w wersji okr\u0105g\u0142ej.<br \/>\n<img class=\"emoji\" role=\"img\" draggable=\"false\" src=\"https:\/\/s.w.org\/images\/core\/emoji\/13.0.0\/svg\/1f36a.svg\" alt=\"?\" \/> Do wyboru dwa rozmiary \u00d8 18 cm \/ os\u00f3b 8-10 os\u00f3b i \u00d8 24 cm \/ 12-16 os\u00f3b<br \/>\n<img class=\"emoji\" role=\"img\" draggable=\"false\" src=\"https:\/\/s.w.org\/images\/core\/emoji\/13.0.0\/svg\/1f36a.svg\" alt=\"?\" \/> \u015awietnie sprawdza si\u0119 jako s\u0142odki prezent, dlatego te\u017c zamawiaj\u0105c s\u0142odko\u015bci w naszej cukierni<br \/>\nzawsze mo\u017cna dokupi\u0107 do nich kartk\u0119 okoliczno\u015bciow\u0105, \u015bwieczki lub rac\u0119.[\/vc_column_text][\/vc_column][\/vc_row]<\/p>\n","protected":false},"excerpt":{"rendered":"<p>Deser na bazie serka mascarpone, \u015bmietany i twarogu<br \/>\nz dodatkiem miodu i mleka skondensowanego na kruchym spodzie.<br \/>\nWierzch posypany cynamonem.<\/p>\n","protected":false},"featured_media":12484,"template":"","meta":[],"yoast_head":"<!-- This site is optimized with the Yoast SEO plugin v16.2 - https:\/\/yoast.com\/wordpress\/plugins\/seo\/ -->\n<title>Cukiernia Baccate - urodzinowe ciasta serniki i s\u0142odko\u015bci<\/title>\n<meta name=\"description\" content=\"Sernik mascarpone z malinami ciasto na Dzie\u0144 Mamy. Zam\u00f3w i zr\u00f3b niespodziank\u0119 najbli\u017cszym. Dostaw na terenie Gda\u0144ska, Sopotu i Gdyni\" \/>\n<meta name=\"robots\" content=\"index, follow, max-snippet:-1, max-image-preview:large, max-video-preview:-1\" \/>\n<link rel=\"canonical\" href=\"https:\/\/www.baccate.pl\/sklep\/produkt\/sernik-z-cynamonem\/\" \/>\n<meta property=\"og:locale\" content=\"pl_PL\" \/>\n<meta property=\"og:type\" content=\"article\" \/>\n<meta property=\"og:title\" content=\"Cukiernia Baccate - urodzinowe ciasta serniki i s\u0142odko\u015bci\" \/>\n<meta property=\"og:description\" content=\"Sernik mascarpone z malinami ciasto na Dzie\u0144 Mamy. Zam\u00f3w i zr\u00f3b niespodziank\u0119 najbli\u017cszym. Dostaw na terenie Gda\u0144ska, Sopotu i Gdyni\" \/>\n<meta property=\"og:url\" content=\"https:\/\/www.baccate.pl\/sklep\/produkt\/sernik-z-cynamonem\/\" \/>\n<meta property=\"og:site_name\" content=\"Cukiernia Baccate\" \/>\n<meta property=\"article:modified_time\" content=\"2026-01-19T09:43:13+00:00\" \/>\n<meta property=\"og:image\" content=\"https:\/\/www.baccate.pl\/sklep\/wp-content\/uploads\/sites\/2\/2020\/12\/sernik-mascarpone-z-cynamonem.jpg\" \/>\n\t<meta property=\"og:image:width\" content=\"604\" \/>\n\t<meta property=\"og:image:height\" content=\"684\" \/>\n<meta name=\"twitter:card\" content=\"summary_large_image\" \/>\n<script type=\"application\/ld+json\" class=\"yoast-schema-graph\">{\"@context\":\"https:\/\/schema.org\",\"@graph\":[{\"@type\":\"WebSite\",\"@id\":\"https:\/\/www.baccate.pl\/sklep\/#website\",\"url\":\"https:\/\/www.baccate.pl\/sklep\/\",\"name\":\"Cukiernia Baccate\",\"description\":\"Zam\\u00f3w najlepsze wypieki z dostaw\\u0105 pod same drzwi\",\"potentialAction\":[{\"@type\":\"SearchAction\",\"target\":\"https:\/\/www.baccate.pl\/sklep\/?s={search_term_string}\",\"query-input\":\"required name=search_term_string\"}],\"inLanguage\":\"pl-PL\"},{\"@type\":\"ImageObject\",\"@id\":\"https:\/\/www.baccate.pl\/sklep\/produkt\/sernik-z-cynamonem\/#primaryimage\",\"inLanguage\":\"pl-PL\",\"url\":\"https:\/\/www.baccate.pl\/sklep\/wp-content\/uploads\/sites\/2\/2020\/12\/sernik-mascarpone-z-cynamonem.jpg\",\"contentUrl\":\"https:\/\/www.baccate.pl\/sklep\/wp-content\/uploads\/sites\/2\/2020\/12\/sernik-mascarpone-z-cynamonem.jpg\",\"width\":604,\"height\":684},{\"@type\":\"WebPage\",\"@id\":\"https:\/\/www.baccate.pl\/sklep\/produkt\/sernik-z-cynamonem\/#webpage\",\"url\":\"https:\/\/www.baccate.pl\/sklep\/produkt\/sernik-z-cynamonem\/\",\"name\":\"Cukiernia Baccate - urodzinowe ciasta serniki i s\\u0142odko\\u015bci\",\"isPartOf\":{\"@id\":\"https:\/\/www.baccate.pl\/sklep\/#website\"},\"primaryImageOfPage\":{\"@id\":\"https:\/\/www.baccate.pl\/sklep\/produkt\/sernik-z-cynamonem\/#primaryimage\"},\"datePublished\":\"2020-12-03T21:50:24+00:00\",\"dateModified\":\"2026-01-19T09:43:13+00:00\",\"description\":\"Sernik mascarpone z malinami ciasto na Dzie\\u0144 Mamy. Zam\\u00f3w i zr\\u00f3b niespodziank\\u0119 najbli\\u017cszym. Dostaw na terenie Gda\\u0144ska, Sopotu i Gdyni\",\"breadcrumb\":{\"@id\":\"https:\/\/www.baccate.pl\/sklep\/produkt\/sernik-z-cynamonem\/#breadcrumb\"},\"inLanguage\":\"pl-PL\",\"potentialAction\":[{\"@type\":\"ReadAction\",\"target\":[\"https:\/\/www.baccate.pl\/sklep\/produkt\/sernik-z-cynamonem\/\"]}]},{\"@type\":\"BreadcrumbList\",\"@id\":\"https:\/\/www.baccate.pl\/sklep\/produkt\/sernik-z-cynamonem\/#breadcrumb\",\"itemListElement\":[{\"@type\":\"ListItem\",\"position\":1,\"item\":{\"@type\":\"WebPage\",\"@id\":\"https:\/\/www.baccate.pl\/sklep\/\",\"url\":\"https:\/\/www.baccate.pl\/sklep\/\",\"name\":\"Strona g\\u0142\\u00f3wna\"}},{\"@type\":\"ListItem\",\"position\":2,\"item\":{\"@type\":\"WebPage\",\"@id\":\"https:\/\/www.baccate.pl\/sklep\/wszystkie\/\",\"url\":\"https:\/\/www.baccate.pl\/sklep\/wszystkie\/\",\"name\":\"Sklep Baccate\"}},{\"@type\":\"ListItem\",\"position\":3,\"item\":{\"@id\":\"https:\/\/www.baccate.pl\/sklep\/produkt\/sernik-z-cynamonem\/#webpage\"}}]}]}<\/script>\n<!-- \/ Yoast SEO plugin. -->","_links":{"self":[{"href":"https:\/\/www.baccate.pl\/sklep\/wp-json\/wp\/v2\/product\/12563"}],"collection":[{"href":"https:\/\/www.baccate.pl\/sklep\/wp-json\/wp\/v2\/product"}],"about":[{"href":"https:\/\/www.baccate.pl\/sklep\/wp-json\/wp\/v2\/types\/product"}],"wp:featuredmedia":[{"embeddable":true,"href":"https:\/\/www.baccate.pl\/sklep\/wp-json\/wp\/v2\/media\/12484"}],"wp:attachment":[{"href":"https:\/\/www.baccate.pl\/sklep\/wp-json\/wp\/v2\/media?parent=12563"}],"curies":[{"name":"wp","href":"https:\/\/api.w.org\/{rel}","templated":true}]}}